{"id":47,"date":"2021-09-07T14:57:02","date_gmt":"2021-09-07T14:57:02","guid":{"rendered":"https:\/\/gpao-tunisie.o2splus.com.tn\/sage-tunisie\/?page_id=47"},"modified":"2021-09-08T11:07:17","modified_gmt":"2021-09-08T11:07:17","slug":"les-articles","status":"publish","type":"page","link":"https:\/\/gpao-tunisie.o2splus.com.tn\/sage-tunisie\/les-articles\/","title":{"rendered":"Les articles"},"content":{"rendered":"\n\n\n\n<p>LA CODIFICATION DES ARTICLES<\/p>\n\n\nLa codification : une \u00e9tape simple et rentable\nR\u00e9ussir \u00e0 codifier les \u00ab\u00a0articles\u00a0\u00bb c&rsquo;est sans doute \u00eatre capable de r\u00e9pondre \u00e0 beaucoup de questions : que vendons-nous ? qu&rsquo;achetons-nous ? que fabriquons-nous ? Ce produit est-il identique ou diff\u00e9rent de tel autre ?&#8230;&nbsp;<div>&nbsp;Une codification robuste des articles va permettre de poser les bases d&rsquo;un projet de GPAO. Il faut savoir que cette \u00e9tape n&rsquo;est facultative car si l&rsquo;informatique repose sur une codification \u00ab\u00a0al\u00e9atoire\u00a0\u00bb celle-ci sera simplement inexploitable !<\/div>\nR\u00e8gles classiques de codification\nLa codification de gauche \u00e0 droite selon une logique \u00ab\u00a0descendante\u00a0\u00bb est tr\u00e8s courante. Plus on avance de gauche \u00e0 droite, mieux on peut identifier l&rsquo;article d&rsquo;une mani\u00e8re unique.&nbsp;<div>Le premier caract\u00e8re peut signifier :<p><ul><li>&nbsp;le code soci\u00e9t\u00e9 ou le code service si vous voulez compartimenter la base des articles en services de l&rsquo;entreprise.&nbsp;<\/li><li>&nbsp;le code \u00ab\u00a0activit\u00e9 commerciale\u00a0\u00bb : une lettre qui pr\u00e9cise la vie commerciale du produit (produit achet\u00e9, produit vendu, produit interne sans existence commerciale)<\/li><\/ul>&nbsp;<\/p><p>Les caract\u00e8res interm\u00e9diaires d\u00e9crivent l&rsquo;article<\/p><p>Les caract\u00e8res finaux sont moins significatifs\nLe respect d&rsquo;une codification stricte est la garantie de la r\u00e9ussite du projet GPAO de votre entreprise !<\/p><p><br><\/p><p>La codification permet :&nbsp;<br><ul><li>Une recherche rapide et structur\u00e9e des articles&nbsp;<\/li><li>Une bonne communication entre les services commerciaux et la production&nbsp;<\/li><li>&nbsp;Une base statistique puissante et simple \u00e0 exploiter&nbsp;<\/li><\/ul><p><br><\/p>M\u00eame si tous les programmes de GPAO r\u00e9cents le permettent, on \u00e9vitera dans le code :&nbsp;<br><ul><li>&nbsp;Les espaces (\u00e0 cause de la repr\u00e9sentation par code barre)&nbsp;<\/li><li>Les minuscules&nbsp;<\/li><li>Tous les caract\u00e8res bizarres\nEn revanche, l&rsquo;alternance de chiffres et de lettres n&rsquo;est pas p\u00e9nalisante.<\/li><\/ul><\/p><\/div>\nCode interne et codifications annexes\nIl est pr\u00e9f\u00e9rable de mettre en place une codification interne \u00e0 la GPAO et ind\u00e9pendante du langage d\u00e9j\u00e0 utilis\u00e9 par les clients ou les fournisseurs de la soci\u00e9t\u00e9.<p><br><\/p><p>Le code GPAO se distingue :&nbsp;<\/p><p><ul><li>Du compte comptable associ\u00e9 au produit si celui-ci fait l&rsquo;objet d&rsquo;un achat (classe 6 en comptabilit\u00e9) ou d&rsquo;une vente (classe 7 en comptabilit\u00e9)&nbsp;<\/li><li>De la r\u00e9f\u00e9rence catalogue s&rsquo;il s&rsquo;agit d&rsquo;un produit vendu par l&rsquo;entreprise et figurant sur un catalogue des produits&nbsp;<\/li><li>&nbsp;Du code de ce produit chez son fournisseur d&rsquo;origine s&rsquo;il s&rsquo;agit d&rsquo;un produit achet\u00e9&nbsp;<\/li><li>Du code de ce produit chez le client destinataire s&rsquo;il s&rsquo;agit d&rsquo;un produit vendu&nbsp;<\/li><li>De toute autre codification li\u00e9e \u00e0 une norme, une convention&nbsp;<\/li><\/ul><br>Souvent, le langage des fournisseurs et celui des clients sont import\u00e9es dans l&rsquo;entreprise et ils se m\u00e9langent avec le langage interne. Dans la mesure du possible, il faut se concentrer sur le code interne et s&rsquo;affranchir des codifications provenant de l&rsquo;ext\u00e9rieur de l&rsquo;entreprise.&nbsp;<\/p><p><strong><br><\/strong><\/p><p><strong>Exemple : un article de n\u00e9goce ART1&nbsp;<\/strong><\/p><p>Cet article figure sur un catalogue des produits sous la r\u00e9f\u00e9rence \u00ab\u00a0REFART1\u00a0\u00bb. Il appartient \u00e0 une classe de produits normalis\u00e9 au niveau national \u00ab\u00a0NF2003-5\u00a0\u00bb. Sa vente fera l&rsquo;objet d&rsquo;une ventilation sur le compte 701510. Chez vos fournisseurs FOURNI1 et FOURNI2, cet article s&rsquo;appelle respectivement \u00ab\u00a0REFFOU45\u00a0\u00bb ou \u00ab\u00a0REFFOU78\u00a0\u00bb. Chez vos clients CLIENT1, CLIENT2, CLIENT3, cet article s&rsquo;appelle respectivement \u00ab\u00a0REFCLIE54\u00a0\u00bb, \u00ab\u00a0REFCLIE21\u00a0\u00bb, \u00ab\u00a0REFCLIE98\u00a0\u00bb.<br><\/p>\n\n\n\n","protected":false},"excerpt":{"rendered":"","protected":false},"author":1,"featured_media":0,"parent":0,"menu_order":0,"comment_status":"closed","ping_status":"closed","template":"","meta":{"pagelayer_contact_templates":[],"_pagelayer_content":"","footnotes":""},"class_list":["post-47","page","type-page","status-publish","hentry"],"_links":{"self":[{"href":"https:\/\/gpao-tunisie.o2splus.com.tn\/sage-tunisie\/wp-json\/wp\/v2\/pages\/47","targetHints":{"allow":["GET"]}}],"collection":[{"href":"https:\/\/gpao-tunisie.o2splus.com.tn\/sage-tunisie\/wp-json\/wp\/v2\/pages"}],"about":[{"href":"https:\/\/gpao-tunisie.o2splus.com.tn\/sage-tunisie\/wp-json\/wp\/v2\/types\/page"}],"author":[{"embeddable":true,"href":"https:\/\/gpao-tunisie.o2splus.com.tn\/sage-tunisie\/wp-json\/wp\/v2\/users\/1"}],"replies":[{"embeddable":true,"href":"https:\/\/gpao-tunisie.o2splus.com.tn\/sage-tunisie\/wp-json\/wp\/v2\/comments?post=47"}],"version-history":[{"count":6,"href":"https:\/\/gpao-tunisie.o2splus.com.tn\/sage-tunisie\/wp-json\/wp\/v2\/pages\/47\/revisions"}],"predecessor-version":[{"id":145,"href":"https:\/\/gpao-tunisie.o2splus.com.tn\/sage-tunisie\/wp-json\/wp\/v2\/pages\/47\/revisions\/145"}],"wp:attachment":[{"href":"https:\/\/gpao-tunisie.o2splus.com.tn\/sage-tunisie\/wp-json\/wp\/v2\/media?parent=47"}],"curies":[{"name":"wp","href":"https:\/\/api.w.org\/{rel}","templated":true}]}}