{"id":82,"date":"2021-09-07T15:11:48","date_gmt":"2021-09-07T15:11:48","guid":{"rendered":"https:\/\/gpao-tunisie.o2splus.com.tn\/sage-tunisie\/?page_id=82"},"modified":"2021-09-08T09:15:27","modified_gmt":"2021-09-08T09:15:27","slug":"accueil","status":"publish","type":"page","link":"https:\/\/gpao-tunisie.o2splus.com.tn\/sage-tunisie\/","title":{"rendered":"Accueil"},"content":{"rendered":"\n\n\nMa\u00eetriser l&rsquo;ensemble de votre cha\u00eene de d\u00e9veloppement et de production&nbsp;\n\n\n\n\n\n\n\n\n<h4>Les fonctionnalit\u00e9s cl\u00e9s d&rsquo;une GPAO &#8211; Les 7 points essentiels<\/h4>\n\n\n\n\n\n\nL&rsquo;\u00e9laboration des Gammes (temps pr\u00e9vu de fabrication et de r\u00e9glage, temps d\u2019attente, ressources n\u00e9cessaires)\/Nomenclatures (quantit\u00e9 de composant n\u00e9cessaire, % de rebuts pr\u00e9visionnels, criticit\u00e9 par composant&#8230;)  est une \u00e9tape fondamentale au bon fonctionnement de votre GPAO, car ces donn\u00e9es serviront de base au calcul des besoins et \u00e0 la planification.\n\n\n\n\n\n\n<p>L\u2019approvisionnement des composants \/ mati\u00e8res \u00e0 partir du calcul des besoins est au c\u0153ur de la gestion MRP2. Elle permet de d\u00e9terminer les quantit\u00e9s et le moment auquel il faut approvisionner et lancer la fabrication pour honorer une commande client ou anticiper les ventes. Le CBN propose des suggestions d\u2019approvisionnement en mati\u00e8res et composants, et des suggestions d\u2019OF (Ordres de Fabrication).<\/p>\n\n<p>Le calcul des besoins, Le CBN prend en compte les commandes clients, les pr\u00e9visions provenant du PIC (Plan Industriel et Commercial) ou du PDP (Plan Directeur de Production) et les stocks.<\/p>\n\n\n\n\n\n\n<p>La gestion des achats g\u00e8re le flux achat depuis les consultations de prix jusqu\u2019aux r\u00e8glements fournisseurs. Cela int\u00e8gre notamment les r\u00e8gles de gestion d\u00e9finies avec les fournisseurs : quantit\u00e9s \u00e9conomiques, d\u00e9lais de r\u00e9approvisionnement et de transport, conditionnements, tarification&#8230;<br>La gestion des ventes inclus les devis, commandes clients, factures, tarification et suivi des r\u00e8glements.<\/p><p >La gestion des stocks permet de visualiser le stock r\u00e9el et pr\u00e9visionnel \u00e0 date, de prendre en compte les num\u00e9ros de lots ou de s\u00e9ries, de mesurer la rotation des produits (FIFO, LIFO, FEFO\u2026)<\/p>\n\n\n\n\n\n\n<span >La planification consiste \u00e0 positionner dans le temps les fabrications \u00e0 r\u00e9aliser de fa\u00e7on globale (plan de charge) ou d\u00e9taill\u00e9e (ordonnancement) pour v\u00e9rifier l\u2019ad\u00e9quation entre les charges et les capacit\u00e9s des moyens de production et ainsi s\u2019assurer du respect des d\u00e9lais.<\/span><br><span>La prise en compte des diff\u00e9rentes ressources (machines ou humain) disponibles permet de g\u00e9rer les al\u00e9as de la production et d\u2019ordonnancer la production selon les besoins. C\u2019est \u00e9galement une des fonctionnalit\u00e9s cl\u00e9s d\u2019une GPAO.<\/span>\n\n\n\n\n\n\n<strong>Le suivi de production<\/strong><span >&nbsp;ou suivi d&rsquo;atelier permet de ma\u00eetriser et optimiser toutes les \u00e9tapes de votre production. Il est important de pouvoir mesurer les consommations des mati\u00e8res et composants, de contr\u00f4ler l\u2019avancement des produits en fabrication.<\/span><br ><span >Il sert \u00e9galement \u00e0 ma\u00eetriser la performance des installations au travers d&rsquo;indicateurs de performance et de qualit\u00e9 comme le TRS.<\/span><br ><span >Saisie des temps, des consommations mati\u00e8res<\/span><br ><span >C\u2019est \u00e9galement un flux essentiel dans les fonctionnalit\u00e9s cl\u00e9s d\u2019une GPAO. Cela permet, par exemple, de pouvoir communiquer un d\u00e9lai de livraison d\u2019une commande client, \u00e0 partir d\u2019une simulation d\u2019un lancement en production.<\/span>\n\n\n\n\n\n\n<span>Le suivi qualit\u00e9 des fournisseurs est un aspect important dans une GPAO. Le traitement des non conformit\u00e9s, le suivi des co\u00fbts, le Syst\u00e8me de Management de qualit\u00e9 (SMQ) permet d\u2019assurer une tra\u00e7abilit\u00e9 compl\u00e8te de la production.<\/span><br ><span >La mise en place de plans d\u2019action (pr\u00e9ventifs ou correctifs) et d\u2019un plan de maintenance, assurent une&nbsp;<\/span>Gestion de la qualit\u00e9<span>&nbsp;compl\u00e8te.<\/span>\n\n\n\n\n\n\n<p>Les indicateurs de pilotage sont primordiaux. Qu\u2019ils soient sous forme synth\u00e9tique ou d\u00e9taill\u00e9e, faire parvenir la bonne information \u00e0 la bonne personne en temps r\u00e9el est un enjeu majeur pour la prise de d\u00e9cision dans une entreprise industrielle.<\/p><br ><span >Quelques exemples d\u2019<\/span><strong >indicateurs de production<\/strong><span ><ul><li><span >&nbsp;Productivit\u00e9 des op\u00e9rateurs d\u2019atelier &nbsp;<\/span><\/li><li><span >&nbsp; Productivit\u00e9 de vos machines (TRS)<\/span><\/li><li><span>Analyse et ajustement de vos gammes et nomenclatures en fonction des d\u00e9clarations d\u2019atelier<\/span><\/li><li><span >&nbsp;Marge et gestion des co\u00fbts par produit, client&#8230;<\/span><\/li><\/ul>\n\n\n\n\n\n\n\n\n","protected":false},"excerpt":{"rendered":"","protected":false},"author":1,"featured_media":0,"parent":0,"menu_order":0,"comment_status":"closed","ping_status":"closed","template":"","meta":{"pagelayer_contact_templates":[],"_pagelayer_content":"","footnotes":""},"class_list":["post-82","page","type-page","status-publish","hentry"],"_links":{"self":[{"href":"https:\/\/gpao-tunisie.o2splus.com.tn\/sage-tunisie\/wp-json\/wp\/v2\/pages\/82","targetHints":{"allow":["GET"]}}],"collection":[{"href":"https:\/\/gpao-tunisie.o2splus.com.tn\/sage-tunisie\/wp-json\/wp\/v2\/pages"}],"about":[{"href":"https:\/\/gpao-tunisie.o2splus.com.tn\/sage-tunisie\/wp-json\/wp\/v2\/types\/page"}],"author":[{"embeddable":true,"href":"https:\/\/gpao-tunisie.o2splus.com.tn\/sage-tunisie\/wp-json\/wp\/v2\/users\/1"}],"replies":[{"embeddable":true,"href":"https:\/\/gpao-tunisie.o2splus.com.tn\/sage-tunisie\/wp-json\/wp\/v2\/comments?post=82"}],"version-history":[{"count":27,"href":"https:\/\/gpao-tunisie.o2splus.com.tn\/sage-tunisie\/wp-json\/wp\/v2\/pages\/82\/revisions"}],"predecessor-version":[{"id":129,"href":"https:\/\/gpao-tunisie.o2splus.com.tn\/sage-tunisie\/wp-json\/wp\/v2\/pages\/82\/revisions\/129"}],"wp:attachment":[{"href":"https:\/\/gpao-tunisie.o2splus.com.tn\/sage-tunisie\/wp-json\/wp\/v2\/media?parent=82"}],"curies":[{"name":"wp","href":"https:\/\/api.w.org\/{rel}","templated":true}]}}